 y?
6
Suppose 199*i = -5*b + 202*i + 76282, -61000 = -4*b - 4*i. What is the thousands digit of b?
5
What is the thousands digit of -2 - (3271*1/(-2))/((-410)/(-9020))?
5
What is the thousands digit of (2747 - -786) + 2/4*14?
3
Suppose 5*a + x = 2243, -2*x + 4*x = -5*a + 2241. Let i be (-4835)/(-15) - 16/12. Let o = a - i. What is the tens digit of o?
2
Suppose -778 + 754 = -4*f, 4*r + f - 81434 = 0. What is the hundreds digit of r?
3
Let y be -28 + 32 + 0 + (1 - 343). Let i = y - -627. What is the units digit of i?
9
Let q(u) = -5*u**2 - 5*u - 8. Let v(z) = 8*z**2 + 10*z + 15. Let k(x) = -7*q(x) - 4*v(x). What is the tens digit of k(7)?
0
Let v(s) = -94*s - 1305. What is the tens digit of v(-82)?
0
Let c be (-7)/(-35) - (-5757)/15. Suppose 2*d = 12 + c. Suppose 6*q = 3*q + d. What is the units digit of q?
6
Suppose 0 = -4*m - 8, 3*s - s + 4*m = 124. Let u = s - -30. What is the units digit of (u/(-9))/8*-144?
2
Let r(i) = -2*i**3 - 78*i**2 - 34*i + 236. What is the hundreds digit of r(-39)?
5
Let z = 13305 - 12307. What is the units digit of z?
8
Suppose 2*m + 2*v - 1516 = 0, -v - 1968 = -4*m + 1059. Let l = -434 + m. What is the units digit of l?
3
Suppose 3*j + 12 = -2*j + 4*f, 15 = -2*j + 5*f. Suppose 5*g = -3*h + 5248, 3*g - 2*g + 3*h - 1040 = j. What is the units digit of g?
2
What is the tens digit of (-44553487)/(-747) - 6/27?
4
Let n(l) = 19*l**2 + 14*l - 16. Let h be n(-8). Suppose 4*o = -2*b + h, -3*o + 5*o - 564 = 4*b. What is the hundreds digit of o?
2
Let r(s) = -902*s + 776. What is the hundreds digit of r(-9)?
8
Suppose 4*k - 179464 = 4*u, 2*k - 53742 - 35976 = -5*u. What is the hundreds digit of k?
8
What is the thousands digit of -2*(-2)/(-5)*(-4 - -2 - 8993)?
7
Let b = 4735 + -3966. What is the hundreds digit of b?
7
Let m(h) = h**3 + 55*h**2 - 61*h - 4349. What is the tens digit of m(-45)?
4
Let z = 357 + -137. Suppose 12*v - 4216 = -z. What is the tens digit of v?
3
Suppose 0 = 3*v - p + 2246, 6*v - 5*p = 2*v - 3013. Let f = v - -1081. What is the units digit of f?
4
Suppose -29*o + 30*o - 30922 = -4*t, -4*t - 5*o + 30898 = 0. What is the tens digit of t?
3
Suppose 0 = 5*d + 4*c - 13, 2*d + c = 4*d - 13. Suppose d*t - 9*t + 4 = 4*x, -5*x - 23 = -2*t. What is the tens digit of (22*(-20)/t)/(-1)?
1
Suppose 4*j - 30 = 3*j - 5*q, -25 = -5*q. Suppose j*g + 5*m + 0*m = -10, 0 = -3*g + 3*m. What is the units digit of (g + -44)/(-1) - (-2 + 0)?
7
Let p(s) = -32 + 7 + 26 - 2*s**2 + 444*s**3. What is the hundreds digit of p(1)?
4
Let u be (-4 - -4)*1/2. Suppose v - 4 = u, -2*o - 8 = -4*o + 2*v. What is the units digit of 9/(-12) + 702/o?
7
Let m = 82 - -198. What is the tens digit of ((-120)/(-21))/(16/m)?
0
Let h = 63 - 71. What is the hundreds digit of (-3 + -1)*((-3591)/36 - h)?
3
Let q(k) = k**2 + 0*k**3 - k**3 + 11 + 317. Let r be q(0). Suppose 3*d - r = -d. What is the units digit of d?
2
Suppose 2*l - k = 3, 3*l - 2*k = -3 + 7. Let v(g) = 154*g**2 - 3*g. What is the tens digit of v(l)?
1
Let k = 352 - 156. Let l = k + -132. Let c = 124 - l. What is the units digit of c?
0
Let t be 31/((11 - 4)/14). Suppose t*c = 60*c + 1584. What is the tens digit of c?
9
Suppose 19*c - c = 54. Suppose -z - z - c*a + 344 = 0, 0 = 5*a + 10. What is the hundreds digit of z?
1
Suppose 0 = -39*k - k - 90000. Let j = 3739 + k. What is the thousands digit of j?
1
Suppose 161*v - 166*v = 10, 4*g - 132968 = 4*v. What is the thousands digit of g?
3
Suppose -14*h + 26 = -16. Suppose 0*s + 1015 = 5*s + h*a, -4*s + 844 = -4*a. What is the units digit of s?
6
Let b(w) = -177*w - 4187. What is the hundreds digit of b(-156)?
4
Let j(u) = 2*u**3 - 22*u**2 + 6*u. Let s be j(11). Suppose 14*v - s = 12*v. What is the units digit of v?
3
Suppose 0 = -4*i - 25*j + 24*j + 1372, -2*j + 1024 = 3*i. What is the hundreds digit of i?
3
Suppose 0 = -9*x + 14*x + s - 3, -4*x = 5*s - 15. Let o(l) = -11*l + 347. What is the units digit of o(x)?
7
Let v = 11053 - 4514. What is the thousands digit of v?
6
Let p be 201 + 5/((-40)/(-32)). Suppose -5*g + 2*r + 5900 = 0, -967 = -g + 2*r + p. What is the units digit of g?
2
What is the units digit of ((-2 - (-2 - 2)) + -3)*-30*24?
0
Let q = 9 + -14. Let x(a) = -17*a**2 - 11*a - 22. Let p be x(q). What is the tens digit of (p/(-12))/((-5)/((-30)/4))?
4
Let f(k) be the third derivative of -5*k**5/12 - k**4/24 + 2*k**3/3 - 18*k**2. Let v be f(3). What is the hundreds digit of 1 + -2 + -3 - (v - -22)?
1
Let m(n) = -32*n + 23 - 9 + 0. Let i be (-2)/(-2) - (-4 + (17 - 6)). What is the hundreds digit of m(i)?
2
Let w = -625 - -561. Let n = 30 - 109. Let o = w - n. What is the units digit of o?
5
Suppose 2142854 = -352*u + 2008110 + 12691992. What is the tens digit of u?
7
Let q(j) = -24*j**3 - 4*j**2 + j. Let z = -103 - -105. Suppose 0 = -z*x + 3*x + 2. What is the tens digit of q(x)?
7
Let r be -2*(992/(-12))/4*3. Let l = 478 + r. What is the units digit of l?
2
Let o(k) = -50*k - 280. What is the units digit of o(-91)?
0
Suppose 82569 + 1979 + 64276 = 18*x. What is the hundreds digit of x?
2
What is the hundreds digit of (-16217292)/(-504) + 3/8*(-8)/18?
1
Let g(n) = n**2 - n + 1. Let u(z) = -3*z**2 + 22*z + 176. Let b(l) = -g(l) - u(l). What is the hundreds digit of b(-15)?
5
Let j(n) = -2*n**2 + 22*n + 55. Let p be j(13). Let t be (4/(-3))/((-4)/18). Suppose -p*o + t = -246. What is the units digit of o?
4
Suppose -2*u + 70 + 10 = 4*n, 3*u = -n + 115. Suppose i = 0, -2*x + 5*i = 2*i + u. What is the units digit of -182*(x/30 - (-22)/165)?
1
Let u = 96 - 22. Let m(w) = w**2 + 2*w - 4. Let v be m(6). Let o = u + v. What is the units digit of o?
8
Let w(d) = -9*d - 22. Let s(g) = -g + 1. Let l(k) = -6*s(k) - w(k). Let q = -195 - -203. What is the tens digit of l(q)?
3
Suppose 277*q - 264*q - 5317 = 0. Let j = -222 + q. What is the tens digit of j?
8
Suppose 83*d + 17334 = 85*d - 4*i, 2*d + 2*i = 17334. What is the tens digit of d?
6
Suppose 177086 = 3*k + v + 42875, 3*k = 4*v + 134196. What is the units digit of k?
6
Let f(o) = 4*o**2 + o + 2. Let a be f(-1). Suppose -y - a*r + 148 = -0*y, -4*y + 4*r = -616. What is the hundreds digit of y?
1
Let u = 433 - 420. Suppose -u*r = 1566 - 10328. What is the tens digit of r?
7
What is the units digit of 68302/10 - (-117)/(-585)?
0
Suppose 46*z - 296735 - 167254 - 381491 = 0. What is the tens digit of z?
8
Suppose 9*y + 3 = -15. Let p be (y + 10/4)/(7/(-84)). Let o(v) = -8*v - 12. What is the tens digit of o(p)?
3
Suppose -10*r - 162 + 22 = 0. What is the units digit of r/(-12) - (0 - (-3)/18)?
1
Suppose -4*o = -5903 + 395. Let r = o + -146. What is the hundreds digit of r?
2
Let s = -8303 - -19442. What is the thousands digit of s?
1
What is the tens digit of (-1)/((-4)/(-1940))*(-9394)/305?
3
Let c(n) = -715*n + 7662. What is the units digit of c(-73)?
7
Let g be (-1 - -1)/(2 + -6 + 2). Suppose g = -24*l + 12*l + 2616. What is the hundreds digit of l?
2
Suppose -2*v + 2346 - 26 = 27*v. Let s = -369 + 526. Let d = s - v. What is the units digit of d?
7
Let u = -5990 - -6720. What is the hundreds digit of u?
7
Let r(s) be the second derivative of -1/2*s**4 + 3/2*s**3 + 17/2*s**2 - 10*s - 1/20*s**5 + 0. What is the units digit of r(-7)?
3
Suppose 4*d - 77137 = 2*a + 67043, -3*a = -3*d + 108135. What is the tens digit of d?
4
What is the tens digit of (-12)/42 + ((-2690751)/(-49) - -6)?
1
Suppose -742 = -4*s + 754. Suppose -h - 1 = 0, 0*m - m = 4*h + s. Let q = m - -580. What is the units digit of q?
0
Suppose -10*l = -7*l + 42. Let a(g) = -30*g**2 + 20*g + 13*g**2 + 19*g**2 + 34. What is the units digit of a(l)?
6
Let t be 1*(1 - -3 - -379). What is the tens digit of ((-8)/2 + 5)*t?
8
Suppose 64 + 6 = 5*f. Suppose 4*d - 68 + f = 2*w, 0 = -d - w + 12. What is the tens digit of ((-37)/(-1))/(13/d)?
3
Suppose -4*n - h - 45804 = -220078, 0 = 5*n - 4*h - 217853. What is the ten thousands digit of n?
4
Let i(b) be the second derivative of -b**5/4 - b**4/3 + 3*b**3/2 + 27*b**2 + 85*b. What is the hundreds digit of i(-5)?
5
Suppose 56*u - 42 = 50*u. Suppose u*s = -6*s + 416. What is the units digit of s?
2
Let o = 1 - 0. Let q(r) = -9 + 6857*r**3 + r**2 + 8 - 6763*r**3. What is the tens digit of q(o)?
9
Let w be (-30)/(-8) - 2/(-8). Suppose w*u = -6*u - 90. What is the units digit of 4 - -13*u/(-3